 and 3?
3
Calculate the highest common divisor of 10472 and 385.
77
What is the greatest common factor of 36 and 180?
36
Calculate the highest common divisor of 1068 and 9345.
267
What is the highest common factor of 122 and 39101?
61
Calculate the greatest common divisor of 324 and 36.
36
What is the greatest common divisor of 65 and 52?
13
What is the greatest common factor of 4320 and 1350?
270
Calculate the highest common factor of 420 and 602.
14
What is the highest common factor of 114 and 1748?
38
Calculate the greatest common divisor of 2 and 1306.
2
What is the greatest common divisor of 5832 and 32?
8
What is the highest common factor of 63 and 28203?
21
Calculate the greatest common factor of 539 and 11.
11
What is the highest common factor of 160 and 216?
8
What is the highest common divisor of 4 and 970?
2
Calculate the highest common divisor of 480 and 15.
15
Calculate the highest common divisor of 1617 and 3465.
231
What is the highest common factor of 642 and 24?
6
What is the highest common divisor of 3344 and 76?
76
What is the highest common divisor of 159 and 6?
3
What is the greatest common factor of 416 and 13?
13
Calculate the highest common divisor of 69 and 17664.
69
What is the highest common divisor of 286 and 338?
26
Calculate the greatest common factor of 162 and 1728.
54
What is the greatest common divisor of 12258 and 54?
54
Calculate the highest common divisor of 243 and 33.
3
Calculate the highest common factor of 506 and 44.
22
Calculate the highest common factor of 603 and 36.
9
What is the highest common factor of 12 and 12468?
12
Calculate the highest common divisor of 20 and 1448.
4
Calculate the highest common factor of 144 and 3.
3
Calculate the highest common factor of 80 and 1808.
16
What is the highest common factor of 35 and 70?
35
What is the greatest common divisor of 348 and 9222?
174
Calculate the highest common divisor of 113 and 1243.
113
Calculate the highest common factor of 161 and 4347.
161
What is the highest common divisor of 24 and 60?
12
What is the highest common divisor of 504 and 56?
56
Calculate the highest common divisor of 24 and 300.
12
What is the highest common factor of 9 and 5769?
9
Calculate the highest common divisor of 375 and 30.
15
What is the highest common factor of 3 and 708?
3
Calculate the greatest common divisor of 81 and 441.
9
What is the greatest common factor of 43 and 6407?
43
What is the greatest common divisor of 539 and 396?
11
Calculate the highest common factor of 93 and 1767.
93
Calculate the highest common divisor of 3424 and 64.
32
Calculate the greatest common divisor of 294 and 42.
42
Calculate the highest common factor of 114 and 152.
38
What is the highest common divisor of 7 and 3409?
7
Calculate the highest common factor of 913 and 6557.
83
What is the greatest common factor of 12 and 9?
3
Calculate the greatest common divisor of 906 and 10570.
302
What is the highest common divisor of 702 and 156?
78
What is the highest common divisor of 5035 and 95?
95
Calculate the highest common divisor of 1295 and 70.
35
Calculate the greatest common factor of 493 and 136.
17
Calculate the greatest common factor of 485 and 291.
97
What is the greatest common factor of 182 and 104?
26
What is the greatest common factor of 5 and 8?
1
What is the highest common factor of 9 and 21?
3
Calculate the greatest common divisor of 3497 and 65.
13
Calculate the highest common divisor of 1012 and 69.
23
Calculate the greatest common factor of 92 and 1472.
92
Calculate the highest common factor of 86 and 5246.
86
Calculate the highest common factor of 74 and 3848.
74
Calculate the highest common divisor of 1216 and 96.
32
Calculate the greatest common divisor of 7 and 42.
7
Calculate the greatest common divisor of 247 and 13.
13
What is the greatest common divisor of 30 and 670?
10
Calculate the highest common divisor of 553 and 7.
7
Calculate the greatest common factor of 1080 and 40.
40
Calculate the highest common divisor of 310 and 10.
10
What is the highest common divisor of 38 and 12160?
38
What is the highest common factor of 85 and 95?
5
What is the highest common divisor of 20950 and 250?
50
Calculate the greatest common divisor of 8 and 4272.
8
What is the greatest common factor of 198 and 3894?
66
Calculate the highest common factor of 838 and 10.
2
What is the highest common factor of 154 and 42?
14
What is the greatest common factor of 270 and 216?
54
Calculate the greatest common factor of 1209 and 155.
31
What is the greatest common factor of 96 and 4128?
96
Calculate the greatest common factor of 102 and 374.
34
What is the greatest common factor of 198 and 3234?
66
Calculate the highest common factor of 108 and 5157.
27
Calculate the highest common factor of 14 and 3262.
14
Calculate the greatest common divisor of 22 and 275.
11
What is the highest common factor of 5614 and 14?
14
Calculate the highest common factor of 1576 and 40.
8
Calculate the highest common divisor of 92 and 69.
23
What is the greatest common factor of 17515 and 62?
31
Calculate the greatest common divisor of 4225 and 975.
325
What is the greatest common divisor of 86 and 29498?
86
What is the highest common divisor of 6744 and 120?
24
What is the greatest common divisor of 25 and 6775?
25
Calculate the greatest common factor of 32 and 2384.
16
Calculate the greatest common factor of 1 and 5.
1
Calculate the highest common divisor of 21 and 3675.
21
What is the greatest common factor of 153 and 1037?
17
Calculate the greatest common factor of 4 and 140.
4
Calculate the highest common divisor of 16 and 1168.
16
Calculate the highest common divisor of 80 and 220.
20
What is the greatest common divisor of 48 and 2928?
48
Calculate the highest common factor of 3447 and 15.
3
What is the greatest common divisor of 233 and 8?
1
What is the highest common divisor of 4120 and 200?
40
What is the greatest common factor of 8535 and 60?
15
Calculate the greatest common factor of 45 and 105.
15
What is the highest common factor of 504 and 392?
56
What is the greatest common factor of 98 and 448?
14
Calculate the greatest common divisor of 1445 and 85.
85
Calculate the highest common factor of 516 and 12.
12
What is the highest common factor of 1890 and 40?
10
What is the highest common divisor of 244 and 122?
122
What is the highest common divisor of 36 and 672?
12
Calculate the greatest common divisor of 2259 and 9.
9
Calculate the greatest common factor of 253 and 33.
11
Calculate the greatest common divisor of 117 and 455.
13
What is the greatest common divisor of 174 and 522?
174
What is the greatest common factor of 464 and 29?
29
What is the greatest common factor of 94 and 4794?
94
Calculate the greatest common divisor of 1235 and 1625.
65
What is the highest common factor of 1253 and 179?
179
What is the highest common factor of 15 and 3180?
15
What is the highest common divisor of 145 and 957?
29
Calculate the highest common divisor of 3 and 2207.
1
Calculate the highest common factor of 1550 and 62.
62
Calculate the greatest common divisor of 12190 and 15.
5
What is the greatest common factor of 270 and 10?
10
Calculate the greatest common divisor of 218 and 170.
2
What is the highest common factor of 126 and 36?
18
What is the greatest common divisor of 4 and 438?
2
What is the greatest common factor of 294 and 756?
42
What is the greatest common factor of 60 and 20220?
60
Calculate the greatest common divisor of 22 and 2266.
22
What is the greatest common factor of 104 and 130?
26
Calculate the highest common divisor of 19 and 304.
19
Calculate the greatest common factor of 1938 and 228.
114
What is the greatest common factor of 228 and 588?
12
Calculate the highest common factor of 255 and 15.
15
What is the highest common divisor of 6455 and 15?
5
Calculate the greatest common divisor of 28 and 252.
28
What is the highest common divisor of 13 and 1573?
13
What is the greatest common divisor of 16 and 408?
8
Calculate the highest common divisor of 20 and 52.
4
Calculate the greatest common divisor of 1887 and 663.
51
Calculate the greatest common divisor of 5 and 24785.
5
Calculate the greatest common divisor of 68 and 36550.
34
Calculate the greatest common divisor of 90 and 1